877?
8
What is the hundred thousands digit of 409883?
4
What is the tens digit of 451180?
8
What is the thousands digit of 56806?
6
What is the tens digit of 5028406?
0
What is the hundreds digit of 24067273?
2
What is the tens digit of 1495590?
9
What is the hundred thousands digit of 502353?
5
What is the ten thousands digit of 2432701?
3
What is the units digit of 254984?
4
What is the thousands digit of 288120?
8
What is the thousands digit of 500955?
0
What is the ten thousands digit of 201276?
0
What is the units digit of 286116?
6
What is the ten millions digit of 18857943?
1
What is the hundreds digit of 244798?
7
What is the ten thousands digit of 21586?
2
What is the ten thousands digit of 1450146?
5
What is the hundred thousands digit of 502997?
5
What is the hundreds digit of 83239?
2
What is the units digit of 54762?
2
What is the ten thousands digit of 257148?
5
What is the hundred thousands digit of 521192?
5
What is the ten thousands digit of 1662521?
6
What is the tens digit of 680765?
6
What is the units digit of 270653?
3
What is the hundred thousands digit of 347614?
3
What is the tens digit of 312661?
6
What is the hundreds digit of 1315058?
0
What is the millions digit of 4590959?
4
What is the hundreds digit of 171029?
0
What is the units digit of 3751336?
6
What is the thousands digit of 130676?
0
What is the hundreds digit of 162077?
0
What is the tens digit of 2768291?
9
What is the ten thousands digit of 2441462?
4
What is the millions digit of 1206311?
1
What is the units digit of 26399335?
5
What is the ten thousands digit of 255792?
5
What is the thousands digit of 13069450?
9
What is the hundreds digit of 324072?
0
What is the hundred thousands digit of 1741353?
7
What is the hundred thousands digit of 151167?
1
What is the units digit of 917671?
1
What is the thousands digit of 240551?
0
What is the hundreds digit of 2389050?
0
What is the hundred thousands digit of 834780?
8
What is the ten thousands digit of 21251563?
5
What is the hundred thousands digit of 154034?
1
What is the tens digit of 1316446?
4
What is the hundred thousands digit of 502010?
5
What is the millions digit of 8212708?
8
What is the units digit of 8968728?
8
What is the units digit of 382819?
9
What is the tens digit of 4021225?
2
What is the thousands digit of 827417?
7
What is the ten thousands digit of 5119841?
1
What is the hundred thousands digit of 434191?
4
What is the thousands digit of 662609?
2
What is the thousands digit of 1707907?
7
What is the thousands digit of 2560943?
0
What is the millions digit of 2104928?
2
What is the tens digit of 10493632?
3
What is the hundred thousands digit of 145671?
1
What is the hundred thousands digit of 3870633?
8
What is the tens digit of 1180788?
8
What is the hundred thousands digit of 2237110?
2
What is the hundred thousands digit of 832206?
8
What is the thousands digit of 206285?
6
What is the hundreds digit of 701359?
3
What is the thousands digit of 281558?
1
What is the units digit of 7110?
0
What is the hundred thousands digit of 2042897?
0
What is the hundred thousands digit of 11949013?
9
What is the units digit of 5792070?
0
What is the hundreds digit of 215967?
9
What is the units digit of 2265408?
8
What is the units digit of 2172131?
1
What is the thousands digit of 8110222?
0
What is the hundred thousands digit of 4096204?
0
What is the tens digit of 117530?
3
What is the hundreds digit of 412083?
0
What is the ten thousands digit of 3269897?
6
What is the hundreds digit of 195160?
1
What is the units digit of 313780?
0
What is the units digit of 319629?
9
What is the thousands digit of 900107?
0
What is the units digit of 786147?
7
What is the hundred thousands digit of 447887?
4
What is the hundreds digit of 5123017?
0
What is the thousands digit of 3589500?
9
What is the hundreds digit of 99111?
1
What is the ten thousands digit of 75272?
7
What is the units digit of 501531?
1
What is the ten thousands digit of 838527?
3
What is the millions digit of 6180174?
6
What is the hundred thousands digit of 217470?
2
What is the thousands digit of 2736659?
6
What is the millions digit of 10262690?
0
What is the units digit of 474456?
6
What is the tens digit of 25134907?
0
What is the hundreds digit of 18038580?
5
What is the tens digit of 1447452?
5
What is the units digit of 11675430?
0
What is the ten thousands digit of 9554981?
5
What is the hundred thousands digit of 251720?
2
What is the tens digit of 697685?
8
What is the tens digit of 657219?
1
What is the hundreds digit of 197119?
1
What is the units digit of 258399?
9
What is the ten thousands digit of 10329921?
2
What is the hundreds digit of 105416?
4
What is the thousands digit of 718086?
8
What is the thousands digit of 774524?
4
What is the hundreds digit of 479575?
5
What is the thousands digit of 4760811?
0
What is the thousands digit of 804302?
4
What is the hundred thousands digit of 271139?
2
What is the millions digit of 4443880?
4
What is the millions digit of 1301752?
1
What is the ten millions digit of 15327434?
1
What is the units digit of 360027?
7
What is the ten millions digit of 10131277?
1
What is the hundreds digit of 17896616?
6
What is the tens digit of 614407?
0
What is the ten millions digit of 13842485?
1
What is the hundreds digit of 3599844?
8
What is the millions digit of 1686907?
1
What is the hundred thousands digit of 153709?
1
What is the hundreds digit of 17374247?
2
What is the thousands digit of 225896?
5
What is the units digit of 254967?
7
What is the ten thousands digit of 260444?
6
What is the tens digit of 7093793?
9
What is the units digit of 8574932?
2
What is the thousands digit of 3315344?
5
What is the millions digit of 34423566?
4
What is the units digit of 1248414?
4
What is the tens digit of 4830527?
2
What is the ten thousands digit of 545415?
4
What is the hundreds digit of 4366006?
0
What is the hundred thousands digit of 3431962?
4
What is the units digit of 287250?
0
What is the hundred thousands digit of 1173856?
1
What is the thousands digit of 22824443?
4
What is the units digit of 290208?
8
What is the hundred thousands digit of 1313352?
3
What is the millions digit of 24935668?
4
What is the units digit of 2491684?
4
What is the ten thousands digit of 9289752?
8
What is the hundreds digit of 322425?
4
What is the tens digit of 5418749?
4
What is the hundreds digit of 326729?
7
What is the units digit of 256981?
1
What is the ten thousands digit of 6049898?
4
What is the millions digit of 4063485?
4
What is the tens digit of 14366107?
0
What is the hundreds digit of 1687671?
6
What is the hundreds digit of 262887?
8
What is the units digit of 714578?
8
What is the ten thousands digit of 6557803?
5
What is the ten thousands digit of 847948?
4
What is the ten thousands digit of 38267?
3
What is the thousands digit of 1908109?
8
What is the units digit of 553177?
7
What is the tens digit of 13781417?
1
What is the ten thousands digit of 79383?
7
What is the thousands digit of 31616676?
6
What is the ten thousands digit of 67180?
6
What is the thousands digit of 969534?
9
What is the units digit of 222476?
6
What is the units digit of 1690911?
1
What is the units digit of 8020078?
8
What is the hundred thousands digit of 253692?
2
What is the units digit of 1279858?
8
What is the ten thousands digit of 44836?
4
What is the thousands digit of 8457350?
7
What is the millions digit of 38990566?
8
What is the thousands digit of 260380?
0
What is the units digit of 915252?
2
What is the thousands digit of 121864?
1
What is the hundred thousands digit of 214685?
2
What is the ten thousands digit of 1647566?
4
What is the units digit of 3004814?
4
What is the hundred thousands digit of 2716054?
7
What is the ten thousands digit of 59201?
5
What is the ten thousands digit of 5239843?
3
What is the hundreds digit of 7717?
7
What is the millions digit of 11149020?
1
What is the tens digit of 155720?
2
What is the thousands digit of 144632?
4
What is the ten thousands digit of 13768910?
6
What is the hundred thousands digit of 1492197?
4
What is the units digit of 3198930?
0
What is the hundreds digit of 70876?
8
What is the hundreds digit of 4617029?
0
What is the tens di